
841
Let i(m) = -12*m**3 + 7*m**2 - 4*m + 1. What is i(2)?
-75
Let l(b) = -b**2 - 43*b + 39. Give l(-43).
39
Let a(h) = -2*h - 156. Determine a(-78).
0
Let d(h) = -12*h**2 + 1526*h - 1526. Calculate d(1).
-12
Let y(t) = t**2 - 298*t + 2320. Give y(8).
0
Let j(l) = 3*l**2 - 19*l - 14. What is j(7)?
0
Let s(w) = w**3 + 148*w**2 - 443*w + 1508. Determine s(-151).
-2
Let c(z) = -460*z + 124654. What is c(271)?
-6
Let j(s) = -1671*s + 10025. What is j(6)?
-1
Let j(m) = -14*m**3 - 11*m**2 + 8*m + 40. Give j(3).
-413
Let q(o) = 2*o**2 - 288*o + 4314. Determine q(127).
-4
Let v(p) = -41*p + 118. Determine v(-2).
200
Let n(j) = -j**3 - 75*j**2 + 74*j + 57. What is n(-76)?
209
Let k(z) = -4*z**3 - 17*z**2 + 15*z + 27. What is k(-5)?
27
Let x(h) = 34*h**2 + 301*h - 39. Determine x(-9).
6
Let x(g) = 7*g + 190. Calculate x(-41).
-97
Let u(y) = -y**3 + 64*y**2 - 63*y + 61. Determine u(63).
61
Let c(d) = 13*d**2 - 615*d - 4155. Give c(-6).
3
Let t(o) = 274*o - 1945. Determine t(7).
-27
Let u(v) = -30*v + 109. Calculate u(13).
-281
Let y(f) = -60*f + 452. Give y(8).
-28
Let n(g) = -76*g - 4252. Give n(-56).
4
Let i(p) = -17*p**2 - 100*p - 477. What is i(-5)?
-402
Let d(x) = -8*x**2 + 90*x - 112. Give d(10).
-12
Let a(b) = 89*b**2 + 32*b - 27. Calculate a(-1).
30
Let o(l) = 2*l**3 - 182*l**2 + 182*l - 181. Give o(90).
-1
Let h(c) = 15265*c - 290037. What is h(19)?
-2
Let r(u) = 629*u - 1215. Give r(2).
43
Let u(r) = -14*r + 45. Calculate u(7).
-53
Let t(u) = u**3 + 3*u**2 + 13. Determine t(7).
503
Let x(l) = l**2 - 191*l + 1234. Calculate x(6).
124
Let y(x) = -x**2 - 29*x + 501. Determine y(-41).
9
Let z(k) = 45*k - 52. What is z(5)?
173
Let w(l) = 19*l**2 - 185*l + 21. Determine w(10).
71
Let h(i) = -35*i - 328. Calculate h(-8).
-48
Let h(i) = 2940*i - 8849. Give h(3).
-29
Let d(o) = 3327*o - 46585. Determine d(14).
-7
Let o(p) = -40*p - 1060. Calculate o(-32).
220
Let y(r) = -r**3 + 14*r**2 - 10*r + 30. What is y(13)?
69
Let r(a) = a**2 + 55*a - 1. Give r(-54).
-55
Let c(h) = -619*h - 8653. Give c(-14).
13
Let s(r) = -r**2 - 354*r + 2167. Determine s(6).
7
Let u(b) = -b**3 + 57*b**2 - 156*b - 149. Calculate u(54).
175
Let u(c) = 3*c**2 - 22*c + 2. Determine u(8).
18
Let d(c) = 14*c**2 + 490*c + 3. Determine d(-35).
3
Let f(b) = 6*b**3 + 6*b**2 - 30*b + 37. Determine f(3).
163
Let g(i) = -285*i**2 - 108*i - 108. Give g(-1).
-285
Let i(k) = -k**2 + 1791*k + 25239. Give i(-14).
-31
Let t(p) = 2*p**2 + 116*p + 61. What is t(-58)?
61
Let v(d) = 2*d**2 - 6*d - 9. What is v(-3)?
27
Let d(n) = 4*n + 63. What is d(-32)?
-65
Let j(g) = -6*g**2 + 46*g - 38. What is j(4)?
50
Let f(x) = -x**3 + 14*x**2 + 15*x + 16. Give f(15).
16
Let q(l) = l**3 - 38*l**2 + 42*l - 233. Calculate q(37).
-48
Let j(c) = -4*c**3 - 6*c**2 + 2*c - 14. Calculate j(-5).
326
Let g(n) = -n**3 - 26*n**2 - 128*n - 1927. Give g(-24).
-7
Let c(g) = -47*g - 1233. Give c(-26).
-11
Let r(y) = y**2 + 307*y + 23515. Give r(-161).
9
Let g(d) = -16*d - 128. What is g(-3)?
-80
Let m(o) = -11*o**3 - 449*o**2 + 83*o + 62. Give m(-41).
21
Let j(l) = -542*l + 7075. Give j(13).
29
Let x(y) = 12477*y - 37427. Calculate x(3).
4
Let t(u) = -92*u + 234. Determine t(4).
-134
Let b(h) = 3*h**3 - 185*h**2 + 113*h + 510. Give b(61).
-39
Let s(l) = 2*l**3 + 4*l**2 - 26. Determine s(2).
6
Let a(q) = 6069*q + 6072. Determine a(-1).
3
Let n(p) = 160*p + 167. Calculate n(-1).
7
Let s(k) = -43*k**2 + 502*k + 22. Determine s(12).
-146
Let h(d) = -25*d - 510. Calculate h(-21).
15
Let q(m) = -193*m - 14. Calculate q(-1).
179
Let m(j) = j**3 - 14*j**2 - 2*j + 114. Give m(12).
-198
Let x(i) = -733*i - 11736. Determine x(-16).
-8
Let c(i) = 91*i + 545. What is c(-6)?
-1
Let v(w) = -357*w - 34243. Give v(-96).
29
Let r(l) = -l**3 + 4*l**2 + 10*l - 14. Give r(6).
-26
Let t(x) = 2*x**3 + 27*x**2 - 38*x - 246. Give t(-14).
90
Let c(g) = -2*g**3 - 16*g**2 + 33*g - 18. What is c(-10)?
52
Let s(m) = 3*m**3 - 198*m**2 + 196*m - 60. Give s(65).
5
Let f(i) = i**2 + 20*i - 1727. Calculate f(-53).
22
Let z(y) = y**3 + 16*y**2 + 50*y - 23. Determine z(-6).
37
Let m(p) = -p**3 - 3*p**2 - 29*p - 190. Determine m(-5).
5
Let i(x) = -2*x**3 - 66*x**2 + 62*x + 4037. Calculate i(-32).
5
Let u(f) = 2*f**2 - 86*f - 11. Give u(43).
-11
Let x(c) = c**2 - 23*c - 16. Give x(-14).
502
Let v(n) = 59*n - 444. What is v(7)?
-31
Let r(p) = 376*p - 2218. What is r(6)?
38
Let t(l) = -l**2 - 22*l + 263. What is t(-28)?
95
Let u(q) = q**3 - 32*q**2 - 30*q + 38. Calculate u(33).
137
Let z(m) = -m**3 - 45*m**2 + 111*m - 1569. Calculate z(-48).
15
Let b(u) = -12*u - 241. Give b(-29).
107
Let i(b) = -b**2 - 25*b + 129. Calculate i(-20).
229
Let j(a) = 3*a**2 + 11*a - 140. Calculate j(7).
84
Let u(y) = -y**3 - 6*y**2 + 12*y + 116. Determine u(-4).
36
Let v(k) = -k**3 - 7*k**2 + 33*k + 8. Calculate v(-8).
-192
Let v(d) = -2*d**2 - 500*d - 24745. Determine v(-68).
7
Let x(g) = 139*g + 781. Determine x(-6).
-53
Let v(i) = -57*i - 1469. What is v(-30)?
241
Let f(c) = -c**2 - 64*c + 1141. Determine f(-79).
-44
Let y(g) = -46*g - 2262. What is y(-50)?
38
Let j(n) = n**3 + 15*n**2 + 48*n + 749. Give j(-15).
29
Let u(g) = 26*g**2 + 304*g - 444. Give u(-13).
-2
Let o(g) = g**2 + 33*g + 209. Give o(-16).
-63
Let l(w) = w**3 + 19*w**2 - 15*w + 56. What is l(-20)?
-44
Let k(l) = 2970*l + 8942. Give k(-3).
32
Let s(m) = -48*m + 954. Calculate s(20).
-6
Let f(o) = -o**3 - 2*o**2 + 50*o + 31. What is f(-8)?
15
Let c(z) = -95*z + 180. What is c(2)?
-10
Let x(m) = -m**3 - 646*m**2 - 5106*m - 19. Calculate x(-8).
-3
Let a(l) = -l**3 + 3*l**2 + 25*l - 54. Determine a(5).
21
Let j(v) = -v**2 - 42*v - 353. Give j(-12).
7
Let v(w) = 34*w - 754. What is v(25)?
96
Let q(y) = 2*y**3 + 39*y**2 + 14*y - 90. Determine q(-19).
5
Let a(r) = -89*r + 4037. Give a(45).
32
Let j(g) = g**3 - 8*g**2 - 4*g - 7. Determine j(7).
-84
Let b(x) = 100*x + 110. Calculate b(-7).
-590
Let t(o) = 15*o - 582. Determine t(36).
-42
Let q(g) = -g**2 + 19*g + 108. Determine q(23).
16
Let t(g) = 3*g**2 - 957*g + 58299. Determine t(237).
-3
Let u(f) = f**3 - f**2 - 18*f - 8. Calculate u(-3).
10
Let n(t) = -t**3 - 327*t**2 + 272*t - 18348. What is n(-328)?
20
Let p(d) = d**2 + 22*d - 5664. What is p(65)?
-9
Let s(f) = -225*f - 1600. Give s(-7).
-25
Let i(m) = -2*m**3 + 69*m**2 + 59*m + 57. Determine i(35).
897
Let d(h) = -3*h**2 - 7*h + 2. Calculate d(-3).
-4
Let q(s) = 77*s**2 + 7*s + 6. What is q(-1)?
76
Let b(z) = -121*z - 1085. What is b(-9)?
4
Let y(r) = 15*r**2 + 46*r + 8. Determine y(-3).
5
Let t(k) = -10*k**2 - 12*k + 25. What is t(0)?
25
Let q(j) = -3*j**3 + 79*j**2 + 784*j - 59. Give q(34).
9
Let f(g) = 6*g**3 - 3*g**2 - 19*g + 1. Give f(-4).
-355
Let q(t) = -t**3 - 110*t**2 - 1807*t - 637. Calculate q(-90).
-7
Let t(p) = -120*p - 4181. Give t(-35).
19
Let i(l) = l**3 - 9*l**2 - 59*l + 38. What is i(13)?
-53
Let p(x) = -1198*x + 3605. Calculate p(3).
11
Let j(i) = -2*i**3 + 46*i**2 + 105*i - 136. Calculate j(25).
-11
Let n(h) = h**3 + 36*h**2 + 12*h + 164. What is n(-36)?
-268
Let i(w) = -108*w - 1. Determine i(-1).
107
Let r(f) = 361*f + 39350. Give r(-109).
1
Let t(m) = m**2 + 16*m - 45. What is t(-18)?
-9
Let v(m) = 260*m - 15224. What is v(58)?
-144
Let g(d) = -d**3 + 4*d**2 - 39*d + 100. Give g(3).
-8
Let r(d) = -2*d**2 + d + 10. Give r(-5).
-45
Let i(n) = -46*n**2 + 735*n - 13. Give i(16).
-29
Let o(n) = -n**3 + 12*n**2 + 287*n - 3567. Calculate o(13).
-5
Let s(q) = -6*q**2 + 140*q - 358. Give s(19).
136
Let m(d) = 9*d - 151. Determine m(16).
-7
Let r(g) = -g**3 - 3*g**2 + 89*g + 270. Determine r(-3).
3
Let f(m) = -2*m**3 + 195*m**2 - 837*m + 20. Calculate f(93).
20
Let g(n) = n**3 - 41*n**2 + 108*n + 235. What is g(38)?
7
Let h(g) = -21*g**2 + 2606*g - 249. Give h(124).
-1
Let t(h) = h**3 - 17*h**2 - 59*h + 3. Calculate t(20).
23
Let o(n) = -49*n + 114. What is o(2)?
16
Let p(s) = 13*s**2 + 27*s - 7. Determine p(-4).
93
Let v(s) = s**2 - 11*s - 189. Calculate v(21).
21
Let d(v) = -32*v - 618. Determine d(-26).
214
Let g(x) = 8*x + 72. Give g(5).
112
Let h(d) = -10*d - 45. Give h(0).
-45
Let p(f) = -13*f**2 - 5*f + 20. Calculate p(3).
-112
Let v(r) = r**2 - 43*r - 699. Calculate v(-13).
29
Let i(h) = 18*h**2 + 21*h - 3. What is i(-1)?
-6
Let a(c) = -5*c**2 - 13*c - 5. Give a(3).
-89
Let n(v) = -2*v**3 - 48